base 12) to base 14
17987
What is -7471 (base 10) in base 12?
-43a7
What is -691 (base 16) in base 7?
-4621
What is 110 (base 6) in base 3?
1120
1779 (base 13) to base 6
24040
-42dc (base 14) to base 6
-125310
-1131 (base 12) to base 13
-b3b
What is -32234 (base 5) in base 2?
-100010010010
Convert -20212221 (base 3) to base 16.
-139c
-142312 (base 6) to base 8
-32304
Convert a09 (base 11) to base 16.
4c3
Convert -2335 (base 6) to base 16.
-233
2954a (base 12) to base 13
20404
2155 (base 10) to base 6
13551
11158 (base 10) to base 8
25626
-100111 (base 4) to base 2
-10000010101
What is -403 (base 16) in base 13?
-610
What is 10122221 (base 4) in base 9?
26728
4364 (base 15) to base 6
150021
What is -1211214 (base 5) in base 3?
-1011010011
Convert -799 (base 12) to base 7.
-3165
Convert -11110110010 (base 2) to base 3.
-2200222
Convert -40266 (base 7) to base 2.
-10011000010110
-114260 (base 8) to base 11
-27405
Convert 13102 (base 5) to base 3.
1102001
What is 44d7 (base 15) in base 6?
151334
What is 720 (base 9) in base 5?
4320
Convert 8ab8 (base 16) to base 7.
205351
Convert 93 (base 16) to base 8.
223
-432121 (base 5) to base 9
-22100
Convert -3ba0 (base 12) to base 8.
-15350
-431 (base 7) to base 9
-262
13233301 (base 4) to base 14
b7c5
Convert 100102 (base 3) to base 6.
1102
Convert -11110001000 (base 2) to base 11.
-14a3
What is 21222132 (base 4) in base 13?
1502a
639 (base 16) to base 15
713
Convert -1858 (base 12) to base 15.
-d18
d78 (base 15) to base 5
44123
Convert -4404 (base 15) to base 3.
-201202111
1843 (base 11) to base 14
bd8
Convert 1286 (base 14) to base 11.
2499
-a7a (base 12) to base 15
-6c4
-1225555 (base 6) to base 13
-24113
What is 2122 (base 3) in base 4?
1013
What is 1113 (base 8) in base 10?
587
What is 1334201 (base 5) in base 16?
6b22
2110103 (base 4) to base 9
14015
What is -13507 (base 9) in base 16?
-23c8
Convert -281 (base 14) to base 11.
-41a
Convert -404 (base 13) to base 16.
-2a8
4134 (base 5) to base 12
394
Convert 545a (base 16) to base 8.
52132
Convert -576 (base 15) to base 10.
-1236
4142 (base 5) to base 6
2311
-ab1 (base 16) to base 9
-3671
What is 2544 (base 6) in base 7?
1603
-530 (base 11) to base 3
-212122
What is d0 (base 16) in base 15?
dd
What is 322 (base 6) in base 8?
172
What is 3202 (base 4) in base 3?
22101
Convert -301 (base 4) to base 5.
-144
Convert -1466 (base 10) to base 8.
-2672
Convert 8c6 (base 13) to base 3.
2002002
-15125 (base 7) to base 14
-174c
Convert -2654 (base 10) to base 8.
-5136
-1101121 (base 3) to base 11
-843
Convert -232045 (base 6) to base 11.
-13a52
4606 (base 9) to base 10
3408
What is 13301323 (base 4) in base 11?
21a40
Convert -2404 (base 5) to base 12.
-256
What is -20061 (base 7) in base 9?
-6573
What is 4aa2 (base 11) in base 10?
6646
What is 122201 (base 3) in base 16?
1de
132215 (base 6) to base 4
2332103
-230 (base 9) to base 16
-bd
What is -9427 (base 11) in base 3?
-122010200
38b7 (base 13) to base 10
8093
What is -222002 (base 3) in base 5?
-10304
Convert d2a (base 14) to base 8.
5032
Convert -3401 (base 7) to base 14.
-638
What is 65052 (base 7) in base 13?
747c
-311 (base 5) to base 8
-121
21643 (base 9) to base 12
83a0
-570 (base 14) to base 15
-4bd
14501 (base 7) to base 9
5455
Convert 16350 (base 7) to base 13.
2160
Convert 124571 (base 8) to base 15.
ccc5
What is 2322133 (base 4) in base 8?
27237
-1a40 (base 14) to base 4
-1022120
6473 (base 8) to base 13
1707
What is 35730 (base 8) in base 6?
154532
6501 (base 8) to base 15
1013
What is -2999 (base 14) in base 11?
-5606
-15e (base 15) to base 13
-1b2
Convert -1001110110 (base 2) to base 11.
-523
What is -b7c (base 15) in base 14?
-d32
-11000 (base 2) to base 16
-18
What is 11111100010 (base 2) in base 10?
2018
-10011111110001010 (base 2) to base 3
-11011012201
What is -26d (base 14) in base 11?
-405
Convert 20220010 (base 3) to base 2.
1001110100001
What is -101011011010000 (base 2) in base 16?
-56d0
33163 (base 9) to base 3
1010012010
Convert -121022 (base 6) to base 12.
-6172
Convert -2323 (base 7) to base 9.
-1144
Convert 23223 (base 4) to base 8.
1353
523 (base 8) to base 12
243
What is 2433 (base 8) in base 3?
1210102
-1202433 (base 5) to base 10
-22243
135 (base 11) to base 16
9f
Convert -15102 (base 10) to base 13.
-6b49
Convert 8dda (base 16) to base 11.
25313
8bf (base 16) to base 5
32424
Convert -2290 (base 11) to base 16.
-bbb
113314 (base 5) to base 16
1071
Convert 13101 (base 4) to base 11.
393
What is -30135 (base 7) in base 10?
-7278
What is 122d (base 14) in base 5?
100202
Convert -10330 (base 4) to base 7.
-631
Convert -12523 (base 8) to base 14.
-1dbd
536 (base 16) to base 4
110312
12201 (base 3) to base 13
bb
What is -13354 (base 6) in base 16?
-826
-23b (base 16) to base 9
-704
What is -6520 (base 11) in base 14?
-31d3
Convert 473 (base 11) to base 6.
2340
-22033 (base 4) to base 10
-655
-200000 (base 4) to base 5
-31143
What is 2893 (base 10) in base 13?
1417
What is -2715 (base 10) in base 11?
-2049
60420 (base 7) to base 4
3210120
Convert -206466 (base 7) to base 5.
-2122131
-7678 (base 10) to base 2
-1110111111110
-8a61 (base 11) to base 16
-2e95
Convert 702c (base 15) to base 11.
16866
-100110010010 (base 2) to base 13
-1166
Convert bc2 (base 13) to base 15.
8e7
Convert 17796 (base 15) to base 6.
1343410
Convert 56e9 (base 16) to base 11.
15797
Convert 1766 (base 12) to base 13.
1386
135244 (base 6) to base 4
3020230
What is -2032 (base 10) in base 8?
-3760
79a (base 13) to base 8
2436
Convert 2494 (base 11) to base 9.
4410
24 (base 12) to base 15
1d
-399 (base 15) to base 8
-1463
What is -9007 (base 10) in base 3?
-110100121
Convert -10112220 (base 3) to base 12.
-15b9
7b53 (base 15) to base 5
1314203
-1b1 (base 13) to base 2
-100111001
Convert -29453 (base 10) to base 13.
-10538
-2087 (base 10) to base 5
-31322
What is -2013 (base 9) in base 2?
-10110111110
428 (base 13) to base 3
222022
What is -2102210 (base 3) in base 15?
-7d6
1456 (base 14) to base 16
e14
24251 (base 6) to base 11
2746
-6106 (base 9) to base 5
-120321
What is 8a (base 12) in base 16?
6a
-467 (base 9) to base 8
-601
1d7 (base 15) to base 8
653
Convert 1740 (base 9) to base 10.
1332
-12020 (base 3) to base 16
-8d
What is -1509 (base 13) in base 11?
-2324
4266 (base 11) to base 8
13006
254 (base 7) to base 4
2021
Convert -210212 (base 3) to base 8.
-1116
What is 241236 (base 7) in base 12?
21346
Convert 218 (base 14) to base 15.
1c9
-191 (base 16) to base 3
-112212
Convert -1316 (base 14) to base 2.
-110100011000
Convert 554140 (base 6) to base 5.
2440114
What is 1021213 (base 5) in base 15?
50c3
Convert -3342 (base 6) to base 9.
-1058
Convert 50 (base 11) to base 6.
131
What is 121200 (base 3) in base 15?
200
Convert 1486 (base 10) to base 9.
2031
Convert -340 (base 6) to base 10.
-132
20321213 (base 4) to base 5
2131310
-441342 (base 6) to base 5
-2133023
Convert -104037 (base 8) to base 13.
-12b27
What is -31213 (base 4) in base 2?
-1101100111
Convert -6a49 (base 12) to base 5.
-334430
Convert 54055 (base 7) to base 15.
3e97
What is -10a50 (base 13) in base 9?
-45524
Convert 2132 (base 5) to base 12.
204
101200022 (base 3) to base 11
5937
-c942 (base 13) to base 11
-19a9a
3334 (base 15) to base 2
10101001100001
-4d24 (base 14) to base 3
-200121002
Convert -24827 (base 10) to base 9.
-37045
What is 756 (base 10) in base 15?
356
1003053 (base 6) to base 4
23203221
Convert -10011010 (base 2) to base 16.
-9a
-2010122 (base 3) to base 12
-a98
10021102110 (base 3) to base 14
196c5
Convert -20877 (base 9) to base 13.
-63b8
What is 85 (base 9) in base 3?
2212
Convert 15053 (base 9) to base 8.
24016
3da2 (base 16) to base 12
916a
a159 (base 11) to base 9
20454
What is -1032311 (base 4) in base 2?
-1001110110101
What is 30001 (base 4) in base 14?
3cd
Convert -144 (base 14) to base 16.
-100
7a06 (base 13) to base 8
41263
Convert 3c1 (base 16) to base 9.
1277
Convert -112020021 (base 3) to base 13.
-4951
What is -10000011010100010 (base 2) in base 15?
-14dc4
-1011010000 (base 2) to base 16
-2d0
75b (base 13) to base 7
3446
Convert -43300 (base 6) to base 4.
-1130310
1b4a (base 14) to base 10
4966
488 (base 12) to base 15
305
1327 (base 14) to base 2
110100100111
1415 (base 6) to base 12
26b
Convert -28 (base